 What is g(-61)?
1819
Let o(j) = 2721*j + 27307. Calculate o(-8).
5539
Let l(k) = 20*k**3 - 796*k**2 - 161*k + 316. Give l(40).
276
Let s(i) = i**2 - 602*i - 51896. Give s(-78).
1144
Let l(z) = -z**3 - 242*z**2 - 7272*z - 957. What is l(-35)?
-12
Let q(k) = -2358*k - 32947. Calculate q(-14).
65
Let q(k) = -11*k**2 - 98*k - 38. Calculate q(-12).
-446
Let k(l) = -l**2 - 511*l + 17361. Determine k(32).
-15
Let s(h) = -h**2 + h - 74. Determine s(-28).
-886
Let h(a) = 97*a + 7588. Determine h(-78).
22
Let w(y) = -9*y**2 + 252*y - 12. Determine w(9).
1527
Let n(s) = 6*s**2 - 194*s + 1772. What is n(15)?
212
Let b(l) = -1499*l + 13048. Calculate b(9).
-443
Let q(u) = 2*u**3 - 71*u**2 + 206*u - 3577. What is q(34)?
-41
Let h(s) = -2*s**2 - 242*s - 7195. Calculate h(-51).
-55
Let i(c) = -24332*c + 218956. Determine i(9).
-32
Let i(w) = -w**3 + 241*w**2 + 224*w + 4813. What is i(242)?
457
Let j(n) = 10269*n + 369690. Give j(-36).
6
Let f(o) = 3*o**2 - 78*o + 1118. Calculate f(16).
638
Let q(l) = l**3 - 1299*l**2 - 15714*l + 198. What is q(-12)?
-18
Let b(h) = -h**3 + 40*h**2 + 112*h - 993. Give b(40).
3487
Let b(z) = 200*z - 4378. Give b(25).
622
Let k(g) = -139*g**3 + 6*g**2 - 13*g - 16. Determine k(-1).
142
Let a(y) = -y**3 + 350*y**2 - 339*y - 3478. Determine a(349).
12
Let z(i) = -i**3 - 3*i**2 - 250*i + 1745. What is z(0)?
1745
Let v(s) = -297*s + 54876. Give v(186).
-366
Let a(x) = -x**2 - 1038*x - 90442. Give a(-96).
-10
Let c(o) = -45495*o + 1455838. Determine c(32).
-2
Let f(h) = -31780*h - 10137822. Determine f(-319).
-2
Let z(f) = -597*f - 35511. Give z(-59).
-288
Let z(y) = y**3 - 208*y**2 - 4*y + 1113. Calculate z(208).
281
Let d(i) = 63*i - 589. Give d(14).
293
Let q(b) = b**2 - 77657*b + 465906. Determine q(6).
0
Let o(v) = -584*v + 22715. What is o(36)?
1691
Let f(h) = -3418*h**2 + 13651*h + 5. What is f(4)?
-79
Let z(r) = -10*r**3 + 13231*r**2 + 11921*r - 6616. What is z(1324)?
4
Let x(w) = 2154*w - 284374. Give x(132).
-46
Let x(i) = -1000*i - 16491. Calculate x(-16).
-491
Let i(p) = -p**2 + 6556*p - 363991. Determine i(56).
9
Let f(n) = -2*n**3 - 49*n**2 + 6*n - 77. Calculate f(-24).
-797
Let t(m) = -58504*m - 760554. What is t(-13)?
-2
Let a(p) = 2401*p + 23964. Calculate a(-10).
-46
Let j(q) = 337772*q + 675525. What is j(-2)?
-19
Let q(a) = -a**2 + 323*a - 11287. What is q(38)?
-457
Let l(o) = 21*o**2 - 2143*o + 143. Give l(102).
41
Let l(k) = 357*k**2 - 69251*k - 1358. Determine l(194).
0
Let v(i) = 6128*i + 61264. Calculate v(-10).
-16
Let d(c) = 93*c + 6740. Calculate d(-72).
44
Let t(c) = -273*c**2 + 3867*c - 646. Determine t(14).
-16
Let s(n) = -2*n**3 + 106*n**2 - 205*n + 39. Determine s(51).
-12
Let s(p) = 23*p**3 - 4406*p**2 - 1921*p + 444. Determine s(192).
252
Let v(c) = c**3 + 201*c**2 + 599*c + 38880. Give v(-199).
-1119
Let v(t) = -1139*t**3 + 16*t**2 + 21*t + 4. Calculate v(-1).
1138
Let m(v) = 12*v**3 - 253*v**2 - 302*v + 6758. Determine m(21).
-25
Let w(i) = 25441*i - 7657749. Give w(301).
-8
Let m(w) = -w**3 + 44*w**2 - 11853*w + 535597. What is m(45)?
187
Let f(c) = c**2 - 1530*c + 184521. Give f(132).
-15
Let l(v) = 4*v**3 + 27*v**2 - 27*v - 71. Determine l(-7).
69
Let j(k) = 31*k**2 + 1667*k - 5030. Calculate j(3).
250
Let r(v) = 29278*v - 88095. Calculate r(3).
-261
Let o(n) = 10*n**3 - 3407*n**2 - 1018*n - 1220. What is o(341)?
485
Let m(c) = 286140*c + 5722792. What is m(-20)?
-8
Let r(w) = 1276*w + 72712. Calculate r(-57).
-20
Let d(j) = -3125*j + 12907. Give d(4).
407
Let u(s) = -2*s**3 + 19*s**2 - 44633*s + 491323. What is u(11)?
-3
Let r(s) = 89*s**2 + 8715*s - 718. Determine r(-98).
-32
Let u(j) = 3839*j + 111475. Determine u(-29).
144
Let s(p) = -p**3 + 207*p**2 - 10702*p - 833. What is s(105)?
7
Let j(l) = 2*l**3 - 137*l**2 + 1783*l + 146. Calculate j(51).
44
Let v(y) = -4*y**2 + 653*y - 6390. Determine v(10).
-260
Let x(b) = 47030*b - 235100. Calculate x(5).
50
Let w(j) = 35*j**2 - 953*j + 5056. Determine w(20).
-4
Let c(h) = 61952*h + 1734846. Determine c(-28).
190
Let n(c) = -c**3 - 8*c**2 - 53*c + 932. Determine n(7).
-174
Let z(p) = 640*p - 13490. Give z(21).
-50
Let g(b) = -475*b + 59995. What is g(129)?
-1280
Let v(k) = k**3 + 37*k**2 + 225*k + 10004. Give v(-38).
10
Let c(d) = 17*d**3 - 47*d**2 - 7*d + 14. Determine c(3).
29
Let z(q) = 2*q**3 - 129*q**2 - 328*q + 25106. Calculate z(64).
18
Let l(h) = -189508*h - 947508. Give l(-5).
32
Let h(i) = -231*i**3 - i**2 + 677*i + 676. Give h(-1).
229
Let z(j) = -33*j**3 - 396*j**2 - 416*j - 5062. Give z(-12).
-70
Let c(t) = t**3 - 227*t**2 - 2625*t - 85. Determine c(-11).
-8
Let x(w) = w**3 - 21*w**2 - 31*w + 5. Determine x(23).
350
Let a(u) = -42*u**3 + 2184*u**2 + u - 32. Calculate a(52).
20
Let c(f) = 2*f**2 + 749*f - 3007. What is c(4)?
21
Let a(v) = 158*v - 6906. Calculate a(41).
-428
Let q(a) = -59731*a + 1493256. Determine q(25).
-19
Let l(o) = 1790*o**2 + 98451*o + 27. Calculate l(-55).
-28
Let o(x) = -526758*x - 5267574. Give o(-10).
6
Let n(b) = b**3 - 43*b**2 + 84*b + 476. Calculate n(41).
558
Let n(m) = 15643*m + 78379. Calculate n(-5).
164
Let g(j) = -j**3 + 13*j**2 + 367822*j - 4781674. Determine g(13).
12
Let s(d) = 12*d**3 + 244*d**2 + 323*d - 33. Give s(-19).
-394
Let d(y) = -y**3 + 10*y**2 - 2*y - 4. Give d(5).
111
Let z(g) = -10*g**2 - 294*g - 202. Give z(-28).
190
Let w(h) = h**3 + 15*h**2 - 157*h + 225. What is w(5)?
-60
Let h(k) = 442*k + 35806. Determine h(-82).
-438
Let g(y) = -35515*y + 35509. What is g(1)?
-6
Let o(l) = -4*l**3 + 224*l**2 + 42*l - 2568. Give o(56).
-216
Let z(c) = 17775*c + 408555. Give z(-23).
-270
Let c(n) = n**3 - 67*n**2 + 637*n - 1187. Give c(56).
-11
Let a(m) = -8*m**3 - 677*m**2 + 945*m - 86. Determine a(-86).
0
Let m(w) = 494*w + 10319. What is m(-21)?
-55
Let r(n) = 6505*n**3 + 733*n - 735. Give r(1).
6503
Let f(z) = -z**2 + 67*z + 3299. What is f(92)?
999
Let x(p) = 291*p - 5457. What is x(19)?
72
Let w(x) = x**3 - 107*x**2 - 355*x + 38209. What is w(107)?
224
Let d(j) = -j**2 + 5467*j + 65645. Determine d(-12).
-103
Let k(i) = 40066*i - 921513. Give k(23).
5
Let r(c) = -641*c - 5798. Determine r(-9).
-29
Let y(p) = -175*p + 12614. Calculate y(81).
-1561
Let q(p) = -132*p**2 - 579*p + 20978. Give q(-15).
-37
Let l(b) = -4345*b + 52092. What is l(12)?
-48
Let m(h) = h**2 - 328779*h + 657555. Calculate m(2).
1
Let n(a) = 8*a**3 + 2*a**2 + 18*a + 43. Calculate n(-3).
-209
Let n(w) = -w**3 + 18*w**2 + 483*w - 2741. Give n(5).
-1
Let t(u) = 18*u**2 + 60001*u - 60001. Determine t(1).
18
Let h(v) = 8*v**2 - 616*v - 7754. Give h(-11).
-10
Let q(n) = -2*n**3 - 41*n**2 + 1515*n + 28362. Determine q(-30).
12
Let s(y) = y**3 - 486*y**2 + 14933*y + 486. Give s(33).
-42
Let l(b) = -5*b**3 + 261*b**2 - 1666*b - 4. Determine l(7).
-592
Let v(i) = i**3 + 57*i**2 - 1528*i - 26. Calculate v(20).
214
Let u(g) = -g**2 - 36*g + 4265. Determine u(-86).
-35
Let w(l) = 95*l**2 + 8078*l + 168. Calculate w(-85).
-87
Let z(w) = w**2 - 131*w - 4255. Calculate z(160).
385
Let y(z) = -z**3 - 11*z**2 - 9*z + 331. What is y(-8)?
211
Let s(m) = 8*m**2 + 614*m + 2331. Calculate s(-4).
3
Let y(c) = c**3 - 46*c**2 + 1872*c - 78498. Give y(44).
-2
Let i(m) = -m**3 + 52*m**2 + 201*m - 10897. Give i(52).
-445
Let r(o) = -2*o**3 + 801*o**2 - 2038*o + 19091. Give r(398).
-13
Let k(f) = 1056*f**2 - 89759*f - 100. Determine k(85).
-15
Let t(k) = -99*k**2 - 758*k - 78. Determine t(-7).
377
Let q(k) = 43236*k + 3415648. What is q(-79)?
4
Let y(x) = 3*x**3 - 43*x**2 + 1542*x - 21986. Give y(14).
-594
Let i(p) = 72045*p + 43. Give i(0).
43
Let x(k) = 2*k**3 + 93*k**2 + 4477*k + 96343. Calculate x(-28).
-5
Let k(c) = -201*c**2 - 998*c - 1. Determine k(-5).
-36
Let j(d) = -d**3 + 56*d**2 - 166*d + 16363. Give j(58).
7
Let r(u) = -156*u**2 + 8281*u - 656. Determine r(53).
33
Let u(y) = 1561*y - 7124. What is u(4)?
-880
Let m(o) = o**3 + 40*o**2 - 35*o - 89. Give m(-39).
2797
Let x(s) = 4156*s + 660496. Calculate x(-159).
-308
Let q(k) = -105*k**3 - 6509*k**2 + 51*k - 392. Give q(-62).
290
Let c(x) = 3*x**2 + 2186*x + 398019. Determine c(-372).
-21
Let i(p) = 1239887*p - 13638750. What is i(11)?
7
Let j(d) = 15753*d + 314440. What is j(-20)?
-620
Let u(s) = -9*s**2 + 653*s + 222. Give u(70).
1832
Let j(f) = -10*f**2 + 936*f - 1868. Calculate j(2)